6
Let u(f) = -28*f + 1. Let m be u(-3). Let v = m - 20. Calculate the highest common factor of 520 and v.
65
Let u = -252 - -266. What is the highest common factor of 6 and u?
2
Let o = 216 - 163. Suppose -o*g + 144 = -52*g. What is the greatest common divisor of g and 16?
16
Let j(x) = x + 10. Let h be j(-12). Let v be (45/(-18))/(1/h). What is the highest common factor of 55 and v?
5
Suppose -2254 = 2*s - 2558. Calculate the highest common factor of 722 and s.
38
Let x be ((-2)/4)/((-3)/882). Let g(a) = a**3 - 26*a**2 + 8*a + 23. Let y be g(26). Suppose -2*r - 9*r + y = 0. What is the highest common factor of x and r?
21
Suppose -35*l + 63102 = 22*l - 44400. Calculate the highest common divisor of 46 and l.
46
Let u be 6 + ((-24)/(-84) - (-16790)/35). What is the highest common divisor of u and 162?
162
Let h be (48/20 - 2) + (-1509)/(-15). Let q = 126 - h. What is the highest common factor of 150 and q?
25
Let r(v) = -16*v - 109. Let a be r(-7). Suppose -241 = -a*u + 47. Calculate the highest common divisor of u and 6.
6
Suppose 16*i + 3440 = 20*i. Suppose 0 = -3*x - r - 383 - i, -4*x = -r + 1669. Let q = -273 - x. Calculate the greatest common factor of q and 13.
13
Suppose 266 = 3*u - 22. Let i be (6 - (6 + 1 + 95))*2/(-4). What is the greatest common divisor of u and i?
48
Suppose -192*k + 189*k + 1038 = 0. Suppose 847 = 5*j + 2*i, 6*j - k = 4*j + i. Calculate the greatest common divisor of 38 and j.
19
Let k = -864 + 1472. Suppose 0*n = 3*i + 4*n - k, 0 = 5*i - 3*n - 965. What is the greatest common factor of 49 and i?
49
Suppose 96*y + 5*w = 98*y - 2749, 3*w - 3 = 0. Calculate the greatest common divisor of 357 and y.
51
Suppose 4*v + j = 6*j + 41, -2*v = -j - 13. Suppose -v*n = -91 - 1189. Calculate the greatest common factor of n and 16.
16
Let u = -1492 - -1494. What is the greatest common factor of 356 and u?
2
Suppose -f + 2*v + 85 = -0*v, 3*f + 3*v = 282. Let m be ((-44)/(-16))/11 + (-2001)/(-12). Suppose m - 115 = 4*y. What is the greatest common factor of y and f?
13
Let q be ((-18)/567*-9)/((-2)/(-28)). Suppose -q*x - p = -167, -x - 4*p + p = -28. Suppose 112 = x*r - 39*r. Calculate the highest common factor of 42 and r.
14
Let i be 6 + (22 - -2 - -3). Calculate the greatest common divisor of i and 102.
3
Suppose 0 = -37*o + 15 - 89. Let g be (-3 - (-7)/o)/((-3)/6). What is the greatest common divisor of 52 and g?
13
Let s(h) = -h**3 + 21*h**2 - 63*h - 23. Let c be s(13). What is the greatest common divisor of c and 20?
10
Let w = 22184 + -22140. What is the greatest common divisor of w and 2519?
11
Let d = -20759 + 20779. Suppose 2*s - 1 = 4*b + 11, 0 = -4*s - 3*b + 57. Calculate the highest common divisor of d and s.
4
Let h(s) = 10*s + 100. Let u be h(-10). Suppose -k = -u*k - 10. Calculate the highest common divisor of 70 and k.
10
Suppose 0 = -0*k - 2*k + 30. Let j = 881 + -549. Let f = j + -227. What is the greatest common divisor of f and k?
15
Let l(v) = v**3 + 11*v**2 + 8*v - 17. Let n be l(-7). Let p = -104 + n. Suppose 4*d - p + 11 = 0. Calculate the highest common factor of 2 and d.
2
Let l(v) be the second derivative of 4*v**3/3 + 10*v**2 - 2*v. Let w be l(-2). Calculate the greatest common divisor of 34 and w.
2
Let w be 14 + (-5 - -2) - (0 - -3). Let c be w - 5 - ((11 - 0) + -2). Let o be (c/(-15) - 0)/(2/100). Calculate the greatest common factor of 4 and o.
4
Let i = 12204 + -12174. What is the greatest common factor of 555 and i?
15
Let z(c) = 19*c + 113*c**2 + 7 - 235*c**2 + 121*c**2. Let l be z(14). Calculate the highest common divisor of l and 33.
11
Let m(n) = -290*n - 1490. Let d be m(-8). Calculate the greatest common divisor of 20 and d.
10
Let q(j) = 4*j - 107. Let s be q(30). Suppose s*m = 18*m - 980. What is the highest common factor of 49 and m?
49
Suppose 3*u + 15 = -0*u. Let p be (-35)/2*12/u. Let z = 829201 + -829187. Calculate the highest common factor of z and p.
14
Let g be ((-3)/6)/(((-246)/(-108))/41). Let f be (-6)/(-2*(-2)/18). Let p be g/(f/110)*3/2. Calculate the greatest common factor of 22 and p.
11
Suppose 0 = 6*r + 16*r - 308. Suppose -11 = r*g - 81. Calculate the greatest common factor of g and 25.
5
Suppose 2*l - 4*n + 20 = 5*l, 5*n - 25 = -l. Suppose 8*q - 13*q + 525 = l. Calculate the highest common factor of 140 and q.
35
Suppose -157 = -26*n - 1. Let v be n + 7/((-49)/(-1218)). What is the greatest common divisor of v and 405?
45
Suppose 4*x - 3 = 2*q + 3*q, 4*x + 5*q - 13 = 0. Let m = -383 - -402. What is the greatest common factor of m and x?
1
Let v(b) be the second derivative of b**3/3 + 17*b**2/2 + 2*b. Let h = -3792 + 3785. Let z be v(h). Calculate the highest common factor of 9 and z.
3
Suppose -5*x - 53259 = -3*j, 4*x - 35550 = -53*j + 51*j. What is the highest common factor of 31 and j?
31
Suppose -14*q = -12*q - 20. Let s(k) = -2*k + 22. Let v be s(q). Suppose v*w - 7*c - 64 = -3*c, 2*w - 54 = -c. Calculate the highest common divisor of 70 and w.
14
Let t = -644 - -653. What is the greatest common divisor of 129 and t?
3
Let g be (3416/(-32) - 11)*272/(-6). Calculate the highest common divisor of 34 and g.
34
Let y(t) = -t**2 - 6*t + 27. Suppose -11 = 7*z - 4*z - 4*m, 3*z = -2*m - 17. Let k be y(z). Calculate the greatest common divisor of 160 and k.
32
Let u(q) = -q**3 + 30*q**2 - 15*q - 83. Let c be u(28). Suppose -15 - c = -3*z. What is the highest common divisor of z and 72?
72
Let g(x) = x**3 - 295*x**2 + 40*x + 74701. Let r be g(294). Let w be ((-3)/(-4))/((-2)/(-40)). What is the greatest common factor of r and w?
5
Let u be ((-1)/(-5 + 4))/(2 - 3). Suppose 2*a = -a + 18. Let g be -24*u*3/a. Calculate the highest common factor of 48 and g.
12
Let u(z) = z**3 + 85*z**2 - 65*z + 2319. Let t be u(-86). What is the highest common divisor of t and 5871?
57
Suppose -78*o = -72*o. Let k be (-505)/(-101) + o/(-2 - -1). Calculate the greatest common divisor of 280 and k.
5
Suppose 3*o - 3126 = -14*j + 11*j, -3*j + 5*o + 3158 = 0. Let k be -2*j/(-8) - (-3)/(-6). What is the greatest common factor of 29 and k?
29
Let v(z) = -10*z - 120. Let f be v(-12). Suppose 7*b + 469 = 8*b + d, 3*b + 5*d - 1417 = f. Calculate the greatest common divisor of 16 and b.
16
Let j be (-4)/(-8)*-124*(12 - -12)/(-12). Let r = 171 + 139. What is the highest common factor of j and r?
62
Suppose -7896 = -16*h - 2008. What is the highest common divisor of 966 and h?
46
Suppose -2*x - x + 468 = 0. Let j(i) = -6*i + 141. Let c be j(-26). Let g = c - 193. What is the highest common factor of g and x?
52
Let z(c) = c**2 + 3*c + 22. Let m be z(-5). Suppose 0 = -3*i - 9, i + 25 = 3*v - m. Calculate the greatest common divisor of 27 and v.
9
Let o = 403 - 405. Let f be (o - 0)*(-13 + (-7592)/16). What is the highest common factor of 39 and f?
39
Let u be 4/10*(-11)/((-44)/200). Let g be (-144)/u*(-50)/15. Calculate the greatest common divisor of 84 and g.
12
Let q(v) = v**3 - 57*v**2 - 8*v + 463. Let p be q(60). What is the highest common factor of p and 41?
41
Let q(y) = -8*y**2 - 35*y - 7. Let o be q(-2). What is the highest common divisor of o and 34813?
31
Let v be (16/(-18))/(-16 + (-2130)/(-135)). Suppose 0*h = -v*f + h + 260, -h = -5*f + 324. What is the greatest common divisor of f and 896?
64
Let z(r) = -49*r + 1921. Let l be z(39). What is the highest common factor of 2890 and l?
10
Let j = 130 + -127. Let p = 104 - 20. Suppose s - f - 2 = 20, -3*s - j*f = -p. What is the highest common factor of s and 25?
25
Let b = 15 + 45. Suppose 0 = -10*u + 13*u - b. Calculate the greatest common factor of 140 and u.
20
Let l = -791 + 798. Suppose 0 = -g + 3*d + 56, -l*g + 6*g - 5*d = -48. Calculate the greatest common divisor of 477 and g.
53
Let g(k) be the second derivative of k**4/3 + k**2/2 + 35*k. Let m be g(1). Let u = -4 + 24. Calculate the greatest common divisor of m and u.
5
Suppose -18311 = 108*k - 33588 - 19499. Calculate the highest common divisor of k and 224.
14
Let j = 3573 + -3493. Calculate the greatest common divisor of j and 4880.
80
Suppose -5*w + 3*w = -208. Let j(g) = -g**3 - 9*g**2 + 137*g + 1259. Let a be j(-9). Calculate the highest common factor of w and a.
26
Suppose -4*q = -2*n - 768, -2*q + 0*n + 2*n = -384. Let w be -15*3 - (1 - -2). Let d = -24 - w. Calculate the hig